 80 and 104273640?
40
Calculate the greatest common divisor of 673481 and 1129539.
5303
What is the highest common divisor of 85 and 159851?
17
Calculate the greatest common divisor of 32741 and 12876.
29
What is the highest common factor of 203575648 and 96?
32
What is the greatest common factor of 2374783108 and 4?
4
What is the greatest common factor of 19062808 and 8?
8
What is the highest common divisor of 9947025 and 8800?
275
What is the greatest common divisor of 614569515 and 1470?
735
What is the greatest common divisor of 29922539 and 344?
43
Calculate the highest common factor of 67348268 and 156.
52
What is the greatest common factor of 881172011 and 53?
53
What is the highest common divisor of 4796 and 3498682?
2398
Calculate the highest common divisor of 141245 and 4223.
41
What is the greatest common factor of 31701755 and 163755?
6065
Calculate the greatest common factor of 140687 and 14526.
269
What is the highest common divisor of 12581564 and 90100?
3604
What is the greatest common factor of 36700 and 525100?
100
Calculate the greatest common factor of 165 and 38039835.
15
Calculate the highest common factor of 23787656 and 2378.
58
Calculate the highest common factor of 3 and 27394833.
3
Calculate the greatest common factor of 3465 and 64532160.
3465
Calculate the highest common divisor of 6988904 and 19942.
1534
What is the greatest common factor of 41142836 and 84?
28
Calculate the greatest common divisor of 34992 and 8543664.
432
What is the greatest common divisor of 250 and 878260?
10
What is the highest common factor of 179113 and 9443?
19
Calculate the highest common divisor of 252311 and 142668.
1321
What is the highest common factor of 385 and 720566?
77
What is the greatest common divisor of 48104 and 804?
4
What is the highest common divisor of 301117283 and 1676?
419
What is the highest common factor of 195870 and 130?
10
Calculate the greatest common factor of 1980328 and 1120.
56
Calculate the highest common divisor of 120 and 318248.
8
Calculate the highest common divisor of 39879 and 11049437.
1477
Calculate the greatest common factor of 62656 and 6771776.
704
What is the highest common divisor of 258548463 and 1395?
279
What is the greatest common factor of 47254 and 1982?
2
What is the greatest common divisor of 3653 and 392912?
13
Calculate the greatest common divisor of 58 and 25082245.
29
What is the highest common factor of 33810 and 43122401?
1127
Calculate the greatest common divisor of 32517654 and 234.
78
Calculate the highest common factor of 578 and 51211378.
578
Calculate the highest common divisor of 856 and 49502587.
107
Calculate the highest common factor of 24291 and 56708689.
2699
What is the highest common divisor of 12436 and 10204?
4
What is the greatest common factor of 11017245 and 430?
215
What is the highest common divisor of 32 and 11011844?
4
Calculate the highest common factor of 16766968 and 1121.
19
Calculate the highest common factor of 4534740 and 73017.
3843
Calculate the highest common divisor of 3742 and 3461653102.
3742
Calculate the highest common factor of 237576 and 45565097.
9899
What is the highest common factor of 24 and 2130613368?
24
Calculate the greatest common factor of 4839089607 and 297.
297
What is the greatest common factor of 114 and 2348704?
38
What is the greatest common divisor of 11194186 and 64418?
2078
What is the highest common divisor of 4587338 and 378?
14
Calculate the highest common factor of 245570290 and 30.
10
Calculate the highest common factor of 64276 and 3550.
2
Calculate the greatest common factor of 21600519 and 20472.
2559
Calculate the highest common divisor of 283640 and 253960.
280
Calculate the greatest common factor of 192930 and 1090.
1090
Calculate the greatest common divisor of 38443852 and 58864.
1132
Calculate the highest common divisor of 16456 and 1004564.
748
What is the greatest common factor of 4070 and 4580510?
110
Calculate the greatest common divisor of 285366812 and 1074.
358
What is the highest common divisor of 12629 and 25988?
73
Calculate the greatest common divisor of 789076156 and 836.
836
Calculate the highest common factor of 27083 and 237811.
371
Calculate the highest common factor of 1847121 and 53457.
519
What is the highest common divisor of 1140123018 and 1058?
1058
Calculate the greatest common divisor of 41582873 and 2852.
713
Calculate the greatest common divisor of 198232 and 29536.
568
Calculate the highest common divisor of 8 and 7033064.
8
What is the highest common divisor of 127 and 46843315?
127
Calculate the highest common factor of 207 and 87766344.
207
Calculate the highest common divisor of 360 and 5631345.
45
Calculate the highest common factor of 7313870 and 335520.
2330
What is the highest common factor of 1830 and 466031765?
305
What is the highest common factor of 115522 and 43648?
22
Calculate the greatest common divisor of 188 and 29032699.
47
Calculate the highest common divisor of 10770884 and 164992.
5156
What is the highest common factor of 230 and 57793420?
10
Calculate the highest common divisor of 1851 and 3591.
3
Calculate the highest common factor of 31800 and 247500.
300
What is the highest common divisor of 5300 and 53818850?
2650
Calculate the greatest common factor of 2979436798 and 26.
26
Calculate the highest common divisor of 22422093 and 18.
3
What is the greatest common factor of 979786 and 155?
31
Calculate the greatest common divisor of 278 and 39437914.
278
What is the greatest common factor of 117 and 58646133?
117
What is the highest common factor of 14918124 and 312?
156
What is the highest common divisor of 15616 and 1465952?
1952
What is the greatest common factor of 147751 and 7972311?
2081
What is the highest common divisor of 19 and 32222879?
19
Calculate the highest common factor of 730 and 39655060.
730
Calculate the greatest common divisor of 511 and 3334387.
7
Calculate the greatest common factor of 20600 and 55400.
200
What is the greatest common factor of 41764757 and 69?
23
Calculate the highest common divisor of 30870736 and 136.
8
Calculate the greatest common factor of 1785209787 and 18.
9
What is the highest common divisor of 94449450 and 663?
51
Calculate the highest common divisor of 30424234 and 13223.
1889
What is the greatest common divisor of 52948 and 36704?
124
What is the greatest common factor of 68 and 1371900?
68
Calculate the highest common divisor of 7946123 and 4044.
337
Calculate the greatest common factor of 12370 and 39898198.
2474
What is the greatest common divisor of 713141525 and 34005?
11335
Calculate the highest common factor of 819316 and 494140.
3188
What is the greatest common factor of 1279260 and 550020?
6180
Calculate the greatest common factor of 295 and 147407665.
295
Calculate the highest common factor of 6614 and 848.
2
What is the highest common divisor of 51080 and 2480?
40
Calculate the greatest common divisor of 538683 and 2783.
23
What is the highest common divisor of 82163885 and 1425?
95
What is the greatest common factor of 734 and 41074273?
367
What is the greatest common factor of 4421 and 3883?
1
Calculate the highest common factor of 131690873 and 2.
1
What is the highest common factor of 37 and 16650407?
37
Calculate the highest common divisor of 5389695 and 495.
45
What is the highest common factor of 37770885 and 90?
45
Calculate the highest common factor of 227657 and 7279.
251
Calculate the highest common divisor of 30580042 and 612.
34
What is the greatest common factor of 189826 and 4275544?
1274
Calculate the highest common factor of 4071 and 27460252.
1357
What is the highest common divisor of 190302 and 3517632?
1182
What is the greatest common divisor of 3744 and 52087776?
1248
Calculate the greatest common divisor of 70941 and 13830.
3
Calculate the greatest common factor of 907524 and 114841.
2801
Calculate the highest common factor of 1249 and 134001463.
1249
Calculate the highest common factor of 11 and 399256209.
11
What is the greatest common divisor of 554796 and 2211?
33
Calculate the greatest common divisor of 1406748 and 77.
7
Calculate the greatest common divisor of 11154993 and 445.
89
What is the greatest common factor of 7447427 and 117?
13
What is the highest common fa